{"id":335,"date":"2020-04-09T05:31:05","date_gmt":"2020-04-09T05:31:05","guid":{"rendered":"http:\/\/herzberg-art.de\/?page_id=335"},"modified":"2020-04-09T05:31:05","modified_gmt":"2020-04-09T05:31:05","slug":"agb","status":"publish","type":"page","link":"https:\/\/herzberg-art.de\/?page_id=335","title":{"rendered":"AGB"},"content":{"rendered":"\n<p>AGB | Copyright | Widerrufsrecht<\/p>\n\n\n\n<p>Allgemeine Gesch\u00e4ftsbedingungen gelten f\u00fcr alle zwischen K\u00fcnstler und Auftraggeber abgeschlossenen Vertr\u00e4ge. Die Gesch\u00e4ftsbedingungen bei der Auftragsvergabe an den K\u00fcnstler gelten als vereinbart, wenn der Auftraggeber ihnen nicht unverz\u00fcglich widerspricht<\/p>\n\n\n\n<p>I. Urheberrecht ::<\/p>\n\n\n\n<p>1. Die von Dem K\u00fcnstler entworfenen Werke sind weltweit urheberrechtlich gesch\u00fctzt. Das uneingeschr\u00e4nkte Nutzungsrecht und Copyright verbleiben bei dem K\u00fcnstler. Der Erwerb und Ankauf eines Bildes beinhaltet das bedingte Recht\/Copyright f\u00fcr den Erwerber, das Portrait\/Gem\u00e4lde in seinen Anzeigen, Brosch\u00fcren, Websites und Prospekten zu verwenden (nur f\u00fcr private Zwecke). Ver\u00f6ffentlichungen der Bilder sind nur mit namentlicher Nennung nach \u00a713 UrhG, Honorar und Belegexemplar gestattet. Gleiches gilt, wenn ein urheberrechtlich gesch\u00fctztes Portrait\/Gem\u00e4lde an Dritte zur redaktionellen Nutzung und\/oder f\u00fcr Werbezwecke weitergegeben wird. Der Kunde ist nicht berechtigt, die Bilder selbst oder durch Dritte herzustellen, zu vervielf\u00e4ltigen oder zu vertreiben.<\/p>\n\n\n\n<p>2. Bei vom Auftraggeber in Auftrag gegebenen Motiven ist der Auftraggeber daf\u00fcr verantwortlich, dass Urheber- und Pers\u00f6nlichkeitsrechte nicht verletzt werden. Sollten durch das vom Kunden vorgegebene Motiv Urheber- oder Pers\u00f6nlichkeitsrechte verletzt werden, so \u00fcbernimmt der Kunde alle rechtlichen und finanziellen Folgen und stellt die Auftragsmalerin von jeglicher Haftung frei.<\/p>\n\n\n\n<p>3. Die K\u00fcnstlerin hat das Recht, Kopien der Werke\/abgebildete Personen f\u00fcr eigene Werbezwecke zu nutzen. Sollte der Auftraggeber dies nicht w\u00fcnschen, muss der Auftraggeber dies der K\u00fcnstlerin schriftlich mitteilen.<\/p>\n\n\n\n<p>II. Umfang der Leistung ::<\/p>\n\n\n\n<p>1. F\u00fcr den Umfang der Leistung ist die Auftragsbest\u00e4tigung der Auftragsmaler ma\u00dfgebend.<\/p>\n\n\n\n<p>2. Nebenabreden und \u00c4nderungen bed\u00fcrfen der schriftlichen Best\u00e4tigung des Auftragnehmers.<\/p>\n\n\n\n<p>III. Gew\u00e4hrleistung ::<\/p>\n\n\n\n<p>1. Der K\u00fcnstler \u00fcbernimmt keine Gew\u00e4hr f\u00fcr geringf\u00fcgige Abweichungen der gelieferten Ware. Kleinere Abweichungen (z.B. Farben, Format, Malgrundqualit\u00e4t) sind zul\u00e4ssig. Derartige Abweichungen berechtigen nicht zur M\u00e4ngelr\u00fcge.<\/p>\n\n\n\n<p>2. Beanstandungen wegen unvollst\u00e4ndiger oder unrichtiger Lieferung bzw. Leistungen oder R\u00fcgen wegen offensichtlicher M\u00e4ngel sind unverz\u00fcglich, sp\u00e4testens 7 Tage nach Empfang schriftlich dem Auftragnehmer anzuzeigen. Zeigt sich trotz sorgf\u00e4ltiger Pr\u00fcfung ein Mangel erst sp\u00e4ter, so ist dieser sp\u00e4testens 7 Tage nach Kenntniserlangung anzuzeigen.<\/p>\n\n\n\n<p>3. Als Gew\u00e4hrleistung kann der Besteller grunds\u00e4tzlich nur Nachbesserung verlangen; der Auftragnehmer ist berechtigt, eine Ersatzlieferung vorzunehmen. Der Besteller kann Minderung verlangen, wenn Nachbesserungsversuche wegen des gleichen Mangels fehlgeschlagen sind.<\/p>\n\n\n\n<p>4. Erfolgt die M\u00e4ngelr\u00fcge versp\u00e4tet oder werden bei Abnahme Vorbehalte wegen bekannter M\u00e4ngel nicht gemacht, so erl\u00f6schen die Gew\u00e4hrleistungsanspr\u00fcche. Das Gleiche gilt, wenn der Besteller selbst \u00c4nderungen vornimmt oder dem Auftragnehmer die Feststellung der M\u00e4ngel erschwert.<\/p>\n\n\n\n<p>5. Weitere Anspr\u00fcche des Bestellers, insbesondere Anspruch auf Ersatz von Sch\u00e4den, die nicht an dem Liefergegenstand selbst entstanden sind, sind ausgeschlossen, sofern sie nicht auf grober Fahrl\u00e4ssigkeit oder Vorsatz beruhen. Bei grober Fahrl\u00e4ssigkeit wird der Schadensersatz auf den zum Zeitpunkt des Vertragsabschlusses voraussehbaren Schaden beschr\u00e4nkt.<\/p>\n\n\n\n<p>IV. Preis und Zahlung ::<\/p>\n\n\n\n<p>1. Gelieferte Werke bleiben bis zu ihrer vollst\u00e4ndigen Bezahlung im Eigentum des K\u00fcnstlers.<\/p>\n\n\n\n<p>2. Die Bezahlung erfolgt ausschlie\u00dflich nur per Vorauskasse oder Nachnahme.<\/p>\n\n\n\n<p>3. Alle angegebenen Preise sind Bruttopreise in Euro zuz\u00fcglich der Liefer- und Versandkosten, einschlie\u00dflich der gesetzlichen Mehrwertsteuer nach UStG \u00a712 Abs.2, die Mehrwertsteuer auf der Rechnung ausgewiesen.<\/p>\n\n\n\n<p>4. Die Zahlung ist wie folgt f\u00e4llig:&nbsp; 50% Anzahlung ( Gem\u00e4lde) ist erforderlich, bevor die Arbeit beginnt, und ist nicht erstattungsf\u00e4hig, sobald die Anfertigung begonnen wurde. Es wird ein Ergebnis des fertigen Gem\u00e4ldes f\u00fcr Ihre Zustimmung gemailt. Einmal genehmigt, ist den Restbetrag binnen 10 Tage nach Fertigstellung des Gem\u00e4ldes f\u00e4llig. Bei fertigen Gem\u00e4lden erfolgt die Bezahlung per Vorauskasse oder bei Auslieferung per Nachname.<\/p>\n\n\n\n<p>V. Lieferung::<\/p>\n\n\n\n<p>Bei von Auftragsmaler genannten Terminen handelt es sich stets um unverbindliche Angaben, es sei denn, Lieferfristen oder -termine sind in der Auftragsbest\u00e4tigung ausdr\u00fccklich als verbindlich gekennzeichnet.<\/p>\n\n\n\n<p>VI. Widerrufsrecht f\u00fcr Verbraucher<\/p>\n\n\n\n<p>(Verbraucher ist jede nat\u00fcrliche Person, die ihren Vertr\u00e4ge zu Zwecken abschlie\u00dft, die au\u00dferhalb ihrer gewerblichen, gesch\u00e4ftlichen, handwerklichen oder beruflichen T\u00e4tigkeit liegen )<\/p>\n\n\n\n<p>Widerrufsbelehrung<\/p>\n\n\n\n<p>Widerrufsrecht:<\/p>\n\n\n\n<p>Sie haben das Recht, binnen vierzehn Tagen ohne Angabe von Gr\u00fcnden diesen Vertrag zu widerrufen. Die Widerrufsfrist betr\u00e4gt vierzehn Tage ab dem Tag , an dem Sie oder ein von Ihnen benannter Dritter, der nicht der Bef\u00f6rderer ist, die Waren in Besitz genommen haben bzw. hat.<\/p>\n\n\n\n<p>\u2013 im Falle eines Vertrags \u00fcber mehrere Waren, die Sie im Rahmen einer einheitlichen Bestellung bestellt haben und die getrennt geliefert werden, ab dem Tag, an dem Sie oder ein von Ihnen benannter Dritter, der nicht der Bef\u00f6rderer ist, die letzte Ware in Besitz genommen haben bzw. hat.<\/p>\n\n\n\n<p>Um Ihr Widerrufsrecht auszu\u00fcben, m\u00fcssen Sie mir (Rick Herzberg, Sauerbruchstra\u00dfe 5, 16515 Oranienburg, e-Mail-Adresse: <a href=\"mailto:info@herzberg-art.de\">info@herzberg-art.de<\/a>) &nbsp;mittels einer eindeutigen Erkl\u00e4rung (z.B. ein mit der Post versandter Brief oder E-Mail) \u00fcber Ihren Entschluss, diesen Vertrag zu widerrufen, informieren. Zur Wahrung der Widerrufsfrist reicht es aus, dass Sie die Mitteilung \u00fcber die Aus\u00fcbung des Widerrufsrechts vor Ablauf der Widerrufsfrist absenden.<\/p>\n\n\n\n<p>Ausnahmen vom Widerrufsrecht:<\/p>\n\n\n\n<p>Vom Widerrufsrecht sind ausgeschlossen die Waren, die nach Kundenspezifikation angefertigt werden oder eindeutig auf die pers\u00f6nlichen Bed\u00fcrfnisse zugeschnitten sind.<\/p>\n\n\n\n<p>Waren wie: Portraits, Auftragsbilder, Bilderrahmen und Passepartouts, die nicht vorgefertigt sind und f\u00fcr deren Herstellung eine individuelle Auswahl oder Entscheidung durch den Verbraucher ma\u00dfgeblich ist.<\/p>\n\n\n\n<p>Folgen des Widerrufs:<\/p>\n\n\n\n<p>Wenn Sie diesen Vertrag widerrufen, haben wir Ihnen alle Zahlungen, die wir von Ihnen erhalten haben, einschlie\u00dflich der Lieferkosten (mit Ausnahme der zus\u00e4tzlichen Kosten, die sich daraus ergeben, dass Sie eine andere Art der Lieferung als die von uns angebotene, g\u00fcnstigste Standardlieferung gew\u00e4hlt haben), unverz\u00fcglich und sp\u00e4testens binnen vierzehn Tagen ab dem Tag zur\u00fcckzuzahlen, an dem die Mitteilung \u00fcber Ihren Widerruf dieses Vertrags bei uns eingegangen ist. F\u00fcr diese R\u00fcckzahlung verwenden wir dasselbe Zahlungsmittel, das Sie bei der urspr\u00fcnglichen Transaktion eingesetzt haben, es sei denn, mit Ihnen wurde ausdr\u00fccklich etwas anderes vereinbart; in keinem Fall werden Ihnen wegen dieser R\u00fcckzahlung Entgelte berechnet.<\/p>\n\n\n\n<p>\u2013 Wir k\u00f6nnen die R\u00fcckzahlung verweigern, bis wir die Waren wieder zur\u00fcckerhalten haben oder bis Sie den Nachweis erbracht haben, dass Sie die Waren zur\u00fcckgesandt haben, je nachdem, welches der fr\u00fchere Zeitpunkt ist.<\/p>\n\n\n\n<p>\u2013 Sie haben die Waren unverz\u00fcglich und in jedem Fall sp\u00e4testens binnen vierzehn Tagen ab dem Tag, an dem Sie uns \u00fcber den Widerruf dieses Vertrags unterrichten, an Rick Herzberg Sauerbruchstr. 5, 16515 Oranienburg zur\u00fcckzusenden oder zu \u00fcbergeben. Die Frist ist gewahrt, wenn Sie die Waren vor Ablauf der Frist von vierzehn Tagen absenden. \u2013 Sie tragen die unmittelbaren Kosten der R\u00fccksendung der Waren.<\/p>\n\n\n\n<p>\u2013 Sie m\u00fcssen f\u00fcr einen etwaigen Wertverlust der Waren nur aufkommen, wenn dieser Wertverlust auf einen zur Pr\u00fcfung der Beschaffenheit, Eigenschaften und Funktionsweise der Waren nicht notwendigen Umgang mit ihnen zur\u00fcckzuf\u00fchren ist. Ende der Widerrufsbelehrung.<\/p>\n","protected":false},"excerpt":{"rendered":"<p>AGB | Copyright | Widerrufsrecht Allgemeine Gesch\u00e4ftsbedingungen gelten f\u00fcr alle zwischen K\u00fcnstler und Auftraggeber abgeschlossenen Vertr\u00e4ge. Die Gesch\u00e4ftsbedingungen bei der Auftragsvergabe an den K\u00fcnstler gelten als vereinbart, wenn der Auftraggeber ihnen nicht unverz\u00fcglich widerspricht I. Urheberrecht :: 1. Die von Dem K\u00fcnstler entworfenen Werke sind weltweit urheberrechtlich gesch\u00fctzt. Das uneingeschr\u00e4nkte Nutzungsrecht und Copyright verbleiben bei dem K\u00fcnstler. Der Erwerb und Ankauf eines Bildes beinhaltet das bedingte Recht\/Copyright f\u00fcr den Erwerber, das Portrait\/Gem\u00e4lde in seinen Anzeigen, Brosch\u00fcren, Websites und Prospekten zu verwenden (nur f\u00fcr private Zwecke). Ver\u00f6ffentlichungen der Bilder sind nur mit namentlicher Nennung nach \u00a713 UrhG, Honorar und Belegexemplar gestattet. Gleiches gilt, wenn ein urheberrechtlich gesch\u00fctztes Portrait\/Gem\u00e4lde an Dritte zur redaktionellen Nutzung und\/oder f\u00fcr Werbezwecke weitergegeben wird. Der Kunde ist nicht berechtigt, die Bilder selbst oder durch Dritte herzustellen, zu vervielf\u00e4ltigen oder zu vertreiben. 2. Bei vom Auftraggeber in Auftrag gegebenen Motiven ist der Auftraggeber daf\u00fcr verantwortlich, dass Urheber- und Pers\u00f6nlichkeitsrechte nicht verletzt werden. Sollten durch das vom Kunden vorgegebene Motiv Urheber- oder Pers\u00f6nlichkeitsrechte verletzt werden, so \u00fcbernimmt der Kunde alle rechtlichen und finanziellen Folgen und stellt die Auftragsmalerin von jeglicher Haftung frei. 3. Die K\u00fcnstlerin hat das Recht, Kopien der Werke\/abgebildete Personen f\u00fcr eigene Werbezwecke zu nutzen. Sollte der Auftraggeber dies nicht w\u00fcnschen, muss der Auftraggeber dies der K\u00fcnstlerin schriftlich mitteilen. II. Umfang der Leistung :: 1. F\u00fcr den Umfang der Leistung ist die Auftragsbest\u00e4tigung der Auftragsmaler ma\u00dfgebend. 2. Nebenabreden und \u00c4nderungen bed\u00fcrfen der schriftlichen Best\u00e4tigung des Auftragnehmers. III. Gew\u00e4hrleistung :: 1. Der K\u00fcnstler \u00fcbernimmt keine Gew\u00e4hr f\u00fcr geringf\u00fcgige Abweichungen der gelieferten Ware. Kleinere Abweichungen (z.B. Farben, Format, Malgrundqualit\u00e4t) sind zul\u00e4ssig. Derartige Abweichungen berechtigen nicht zur M\u00e4ngelr\u00fcge. 2. Beanstandungen wegen unvollst\u00e4ndiger oder unrichtiger Lieferung bzw. Leistungen oder R\u00fcgen wegen offensichtlicher M\u00e4ngel sind unverz\u00fcglich, sp\u00e4testens 7 Tage nach Empfang schriftlich dem Auftragnehmer anzuzeigen. Zeigt sich trotz sorgf\u00e4ltiger Pr\u00fcfung ein Mangel erst sp\u00e4ter, so ist dieser sp\u00e4testens 7 Tage nach Kenntniserlangung anzuzeigen. 3. Als Gew\u00e4hrleistung kann der Besteller grunds\u00e4tzlich nur Nachbesserung verlangen; der Auftragnehmer ist berechtigt, eine Ersatzlieferung vorzunehmen. Der Besteller kann Minderung verlangen, wenn Nachbesserungsversuche wegen des gleichen Mangels fehlgeschlagen sind. 4. Erfolgt die M\u00e4ngelr\u00fcge versp\u00e4tet oder werden bei Abnahme Vorbehalte wegen bekannter M\u00e4ngel nicht gemacht, so erl\u00f6schen die Gew\u00e4hrleistungsanspr\u00fcche. Das Gleiche gilt, wenn der Besteller selbst \u00c4nderungen vornimmt oder dem Auftragnehmer die Feststellung der M\u00e4ngel erschwert. 5. Weitere Anspr\u00fcche des Bestellers, insbesondere Anspruch auf Ersatz von Sch\u00e4den, die nicht an dem Liefergegenstand selbst entstanden sind, sind ausgeschlossen, sofern sie nicht auf grober Fahrl\u00e4ssigkeit oder Vorsatz beruhen. Bei grober Fahrl\u00e4ssigkeit wird der Schadensersatz auf den zum Zeitpunkt des Vertragsabschlusses voraussehbaren Schaden beschr\u00e4nkt. IV. Preis und Zahlung :: 1. Gelieferte Werke bleiben bis zu ihrer vollst\u00e4ndigen Bezahlung im Eigentum des K\u00fcnstlers. 2. Die Bezahlung erfolgt ausschlie\u00dflich nur per Vorauskasse oder Nachnahme. 3. Alle angegebenen Preise sind Bruttopreise in Euro zuz\u00fcglich der Liefer- und Versandkosten, einschlie\u00dflich der gesetzlichen Mehrwertsteuer nach UStG \u00a712 Abs.2, die Mehrwertsteuer auf der Rechnung ausgewiesen. 4. Die Zahlung ist wie folgt f\u00e4llig:&nbsp; 50% Anzahlung ( Gem\u00e4lde) ist erforderlich, bevor die Arbeit beginnt, und ist nicht erstattungsf\u00e4hig, sobald die Anfertigung begonnen wurde. Es wird ein Ergebnis des fertigen Gem\u00e4ldes f\u00fcr Ihre Zustimmung gemailt. Einmal genehmigt, ist den Restbetrag binnen 10 Tage nach Fertigstellung des Gem\u00e4ldes f\u00e4llig. Bei fertigen Gem\u00e4lden erfolgt die Bezahlung per Vorauskasse oder bei Auslieferung per Nachname. V. Lieferung:: Bei von Auftragsmaler genannten Terminen handelt es sich stets um unverbindliche Angaben, es sei denn, Lieferfristen oder -termine sind in der Auftragsbest\u00e4tigung ausdr\u00fccklich als verbindlich gekennzeichnet. VI. Widerrufsrecht f\u00fcr Verbraucher (Verbraucher ist jede nat\u00fcrliche Person, die ihren Vertr\u00e4ge zu Zwecken abschlie\u00dft, die au\u00dferhalb ihrer gewerblichen, gesch\u00e4ftlichen, handwerklichen oder beruflichen T\u00e4tigkeit liegen ) Widerrufsbelehrung Widerrufsrecht: Sie haben das Recht, binnen vierzehn Tagen ohne Angabe von Gr\u00fcnden diesen Vertrag zu widerrufen. Die Widerrufsfrist betr\u00e4gt vierzehn Tage ab dem Tag , an dem Sie oder ein von Ihnen benannter Dritter, der nicht der Bef\u00f6rderer ist, die Waren in Besitz genommen haben bzw. hat. \u2013 im Falle eines Vertrags \u00fcber mehrere Waren, die Sie im Rahmen einer einheitlichen Bestellung bestellt haben und die getrennt geliefert werden, ab dem Tag, an dem Sie oder ein von Ihnen benannter Dritter, der nicht der Bef\u00f6rderer ist, die letzte Ware in Besitz genommen haben bzw. hat. Um Ihr Widerrufsrecht auszu\u00fcben, m\u00fcssen Sie mir (Rick Herzberg, Sauerbruchstra\u00dfe 5, 16515 Oranienburg, e-Mail-Adresse: info@herzberg-art.de) &nbsp;mittels einer eindeutigen Erkl\u00e4rung (z.B. ein mit der Post versandter Brief oder E-Mail) \u00fcber Ihren Entschluss, diesen Vertrag zu widerrufen, informieren. Zur Wahrung der Widerrufsfrist reicht es aus, dass Sie die Mitteilung \u00fcber die Aus\u00fcbung des Widerrufsrechts vor Ablauf der Widerrufsfrist absenden. Ausnahmen vom Widerrufsrecht: Vom Widerrufsrecht sind ausgeschlossen die Waren, die nach Kundenspezifikation angefertigt werden oder eindeutig auf die pers\u00f6nlichen Bed\u00fcrfnisse zugeschnitten sind. Waren wie: Portraits, Auftragsbilder, Bilderrahmen und Passepartouts, die nicht vorgefertigt sind und f\u00fcr deren Herstellung eine individuelle Auswahl oder Entscheidung durch den Verbraucher ma\u00dfgeblich ist. Folgen des Widerrufs: Wenn Sie diesen Vertrag widerrufen, haben wir Ihnen alle Zahlungen, die wir von Ihnen erhalten haben, einschlie\u00dflich der Lieferkosten (mit Ausnahme der zus\u00e4tzlichen Kosten, die sich daraus ergeben, dass Sie eine andere Art der Lieferung als die von uns angebotene, g\u00fcnstigste Standardlieferung gew\u00e4hlt haben), unverz\u00fcglich und sp\u00e4testens binnen vierzehn Tagen ab dem Tag zur\u00fcckzuzahlen, an dem die Mitteilung \u00fcber Ihren Widerruf dieses Vertrags bei uns eingegangen ist. F\u00fcr diese R\u00fcckzahlung verwenden wir dasselbe Zahlungsmittel, das Sie bei der urspr\u00fcnglichen Transaktion eingesetzt haben, es sei denn, mit Ihnen wurde ausdr\u00fccklich etwas anderes vereinbart; in keinem Fall werden Ihnen wegen dieser R\u00fcckzahlung Entgelte berechnet. \u2013 Wir k\u00f6nnen die R\u00fcckzahlung verweigern, bis wir die Waren wieder zur\u00fcckerhalten haben oder bis Sie den Nachweis erbracht haben, dass Sie die Waren zur\u00fcckgesandt haben, je nachdem, welches der fr\u00fchere Zeitpunkt ist. \u2013 Sie haben die Waren unverz\u00fcglich und in jedem Fall sp\u00e4testens binnen vierzehn Tagen ab dem Tag, an dem Sie uns \u00fcber den Widerruf dieses Vertrags unterrichten, an Rick Herzberg Sauerbruchstr. 5, 16515 Oranienburg zur\u00fcckzusenden oder zu \u00fcbergeben. Die Frist ist gewahrt, wenn Sie die Waren vor Ablauf der Frist von vierzehn Tagen absenden. \u2013 Sie tragen die unmittelbaren Kosten der R\u00fccksendung der Waren. \u2013 Sie m\u00fcssen f\u00fcr einen etwaigen Wertverlust der Waren nur aufkommen, wenn dieser Wertverlust auf einen zur Pr\u00fcfung der Beschaffenheit, Eigenschaften und Funktionsweise der Waren nicht notwendigen Umgang mit ihnen zur\u00fcckzuf\u00fchren ist. Ende der Widerrufsbelehrung.<\/p>\n","protected":false},"author":1,"featured_media":0,"parent":0,"menu_order":0,"comment_status":"closed","ping_status":"closed","template":"","meta":{"footnotes":""},"class_list":["post-335","page","type-page","status-publish","hentry"],"_links":{"self":[{"href":"https:\/\/herzberg-art.de\/index.php?rest_route=\/wp\/v2\/pages\/335","targetHints":{"allow":["GET"]}}],"collection":[{"href":"https:\/\/herzberg-art.de\/index.php?rest_route=\/wp\/v2\/pages"}],"about":[{"href":"https:\/\/herzberg-art.de\/index.php?rest_route=\/wp\/v2\/types\/page"}],"author":[{"embeddable":true,"href":"https:\/\/herzberg-art.de\/index.php?rest_route=\/wp\/v2\/users\/1"}],"replies":[{"embeddable":true,"href":"https:\/\/herzberg-art.de\/index.php?rest_route=%2Fwp%2Fv2%2Fcomments&post=335"}],"version-history":[{"count":1,"href":"https:\/\/herzberg-art.de\/index.php?rest_route=\/wp\/v2\/pages\/335\/revisions"}],"predecessor-version":[{"id":336,"href":"https:\/\/herzberg-art.de\/index.php?rest_route=\/wp\/v2\/pages\/335\/revisions\/336"}],"wp:attachment":[{"href":"https:\/\/herzberg-art.de\/index.php?rest_route=%2Fwp%2Fv2%2Fmedia&parent=335"}],"curies":[{"name":"wp","href":"https:\/\/api.w.org\/{rel}","templated":true}]}}